{"id":125,"date":"2015-10-13T12:08:51","date_gmt":"2015-10-13T10:08:51","guid":{"rendered":"http:\/\/trial.ba\/?page_id=125"},"modified":"2015-10-21T15:54:36","modified_gmt":"2015-10-21T13:54:36","slug":"trial-u-bih","status":"publish","type":"page","link":"https:\/\/trial.ba\/?page_id=125","title":{"rendered":"TRIAL u BiH"},"content":{"rendered":"<p style=\"text-align: justify;\">Program u BiH je zapo\u010det 2007. godine a ured je slu\u017ebeno otvoren 2013. godine. Saradnja sa udru\u017eenjima \u017ertava, nevladinim organizacijama i javnim institucijama uspostavljena je od samog po\u010detka. TRIAL je podnio slu\u010dajeve prisilnih nestanaka i drugih ratnih zlo\u010dina pred <a href=\"http:\/\/www.ohchr.org\/EN\/HRBodies\/CCPR\/Pages\/CCPRIndex.aspx\" target=\"_blank\">UN Komitet za ljudska prava (HRC)<\/a> i <a href=\"http:\/\/www.echr.coe.int\/Pages\/home.aspx?p=home&amp;c=\" target=\"_blank\">Evropskim sudom za ljudska prava (ECtHR)<\/a>. Od 2009. godine, zajedno sa udru\u017eenjima i organizacijama iz BiH priprema i podnosi alternativne izvje\u0161taje UN-ovim me\u0111unarodnim mehanizmima, uklju\u010duju\u0107i <a href=\"http:\/\/www.un.org\/womenwatch\/daw\/cedaw\/\" target=\"_blank\">Komitet za eliminaciju diskriminacije nad \u017eenama (CEDAW)<\/a>, <a href=\"http:\/\/www.ohchr.org\/EN\/HRBodies\/CCPR\/Pages\/CCPRIndex.aspx\" target=\"_blank\">Komitet za ljudska prava (HRC)<\/a>, <a href=\"http:\/\/www.ohchr.org\/en\/hrbodies\/cat\/pages\/catindex.aspx\" target=\"_blank\">Komitet protiv torture (CAT)<\/a>. Rad u BiH 2007. godine zapo\u010det je u okviru pru\u017eanja podr\u0161ke porodicama nestalih osoba, a od 2010. godine organizacija pru\u017ea podr\u0161ku i pre\u017eivjelima ratnog seksualnog nasilja u BiH.<\/p>\r\n<p style=\"text-align: justify;\">Aktivnosti ureda u BiH su fokusirane na pru\u017eanje besplatne pravne pomo\u0107i \u017ertvama ratnih zlo\u010dina pred doma\u0107im i me\u0111unarodnim tijelima i mehanizmima za\u0161tite ljudskih prava. Izme\u0111u ostalog, TRIAL pru\u017ea podr\u0161ku \u017ertvama koje su iscrpile doma\u0107e pravne lijekove i \u017eele da na me\u0111unarodnom nivou podnesu \u017ealbe vezano za prisilne nestanke, ratno seksualno nasilje i druge ratne zlo\u010dine. Na ovaj na\u010din, kroz strate\u0161ko parni\u010denje u oblasti za\u0161tite ljudskih prava, organizacija poma\u017ee unapre\u0111enju sveukupnog stanja ratnih \u017ertava u BiH i vr\u0161i pritisak na vlasti kako bi po\u0161tivale njihova ljudska prava. Tako\u0111er, TRIAL doprinosi podizanju svijesti javnosti i zagovara za provo\u0111enje pravde, vr\u0161e\u0107i pritisak na odgovorne organe vlasti da aktivno rade na rje\u0161avanju problema pre\u017eivjelih. Aktivnosti TRIAL ureda u BiH se odnose i na podizanje svijesti mladih generacija u vezi sa tematikom ratnih zlo\u010dina, kao i dijeljenje znanja sa drugim nevladinim organizacijama, udru\u017eenjima \u017ertava, uposlenicima\/ama javnih institucija o upotrebi me\u0111unarodnih standarda za za\u0161titu prava ratnih \u017ertava u BiH.<\/p>\r\n\r\n<h2 style=\"text-align: justify;\">Fokusi programa<\/h2>\r\n<p style=\"text-align: justify;\">Pru\u017eanje neophodne pravne pomo\u0107i i podr\u0161ke \u017ertvama rata i njihovim porodicama (pre\u017eivjelima ratnog silovanja i oblika seksualnog nasilja, porodicama nestalih i drugima) za pristup i uspje\u0161no kori\u0161tenje doma\u0107ih, administrativnih i sudskih procedura kao i me\u0111unarodnih mehanizama za ljudska prava, kako bi u Bosni i Hercegovini ostvarivali svoja prava na pravdu i od\u0161tetu.<\/p>\r\n\r\n<h2 style=\"text-align: justify;\">Ciljevi<\/h2>\r\n<p style=\"text-align: justify;\">Aktivnosti TRIAL ureda u BiH imaju za cilj pobolj\u0161anje polo\u017eaja ratnih \u017ertava u Bosni i Hercegovini, bolji pristup pravdi, i promovisanje ve\u0107e odgovornosti dr\u017eavnih institucija nadle\u017enih za rje\u0161avanje pitanja ove populacije.<\/p>","protected":false},"excerpt":{"rendered":"<p>Program u BiH je zapo\u010det 2007. godine a ured je slu\u017ebeno otvoren 2013. godine. Saradnja sa udru\u017eenjima \u017ertava, nevladinim organizacijama i javnim institucijama uspostavljena je od samog po\u010detka. TRIAL je podnio slu\u010dajeve prisilnih nestanaka i drugih ratnih zlo\u010dina pred UN Komitet za ljudska prava (HRC) i Evropskim sudom za ljudska prava (ECtHR). Od 2009. godine, [&hellip;]<\/p>\n","protected":false},"author":13,"featured_media":0,"parent":0,"menu_order":0,"comment_status":"closed","ping_status":"open","template":"","meta":{"footnotes":""},"class_list":["post-125","page","type-page","status-publish","hentry"],"jetpack_sharing_enabled":true,"_links":{"self":[{"href":"https:\/\/trial.ba\/index.php?rest_route=\/wp\/v2\/pages\/125","targetHints":{"allow":["GET"]}}],"collection":[{"href":"https:\/\/trial.ba\/index.php?rest_route=\/wp\/v2\/pages"}],"about":[{"href":"https:\/\/trial.ba\/index.php?rest_route=\/wp\/v2\/types\/page"}],"author":[{"embeddable":true,"href":"https:\/\/trial.ba\/index.php?rest_route=\/wp\/v2\/users\/13"}],"replies":[{"embeddable":true,"href":"https:\/\/trial.ba\/index.php?rest_route=%2Fwp%2Fv2%2Fcomments&post=125"}],"version-history":[{"count":3,"href":"https:\/\/trial.ba\/index.php?rest_route=\/wp\/v2\/pages\/125\/revisions"}],"predecessor-version":[{"id":242,"href":"https:\/\/trial.ba\/index.php?rest_route=\/wp\/v2\/pages\/125\/revisions\/242"}],"wp:attachment":[{"href":"https:\/\/trial.ba\/index.php?rest_route=%2Fwp%2Fv2%2Fmedia&parent=125"}],"curies":[{"name":"wp","href":"https:\/\/api.w.org\/{rel}","templated":true}]}}